{"id":12,"date":"2021-02-12T09:08:32","date_gmt":"2021-02-12T08:08:32","guid":{"rendered":"https:\/\/www.isoleolie.it\/eolie\/?page_id=12"},"modified":"2025-11-03T12:05:51","modified_gmt":"2025-11-03T11:05:51","slug":"isole-eolie","status":"publish","type":"page","link":"https:\/\/www.isoleolie.it\/eolie\/","title":{"rendered":"Hotel Isole Eolie Lipari Salina Vulcano Panarea Stromboli alberghi case vacanze eolie"},"content":{"rendered":"<h1>LIPARI Il fuoco e il vento: miti, leggende e colori delle isole Eolie, Le isole del fuoco<\/h1>\n<h1>LIPARI, i miracoli delle Terme<\/h1>\n<h2><span class=\"Stile55\">Pochi minuti di navigazione e raggiungiamo Lipari, l&#8217;antica Meligunis, la pi\u00f9 grande e popolosa dell&#8217;arcipelago (circa 38 km\u00b2), capoluogo comunale per 6 delle 7 isole Eolie (tranne Salina). <\/span><\/h2>\n<h3>EOLIE HOTEL BOOKING LE MIGLIORI TARIFFE E OFFERTE DIRETTAMENTE DAGLI ALBERGHI Salina Vulcano Panarea Stromboli Filcudi e Alicudi<\/h3>\n<div class=\"textwidget custom-html-widget\">\n<h1>TROVA IL TUO HOTEL <a href=\"https:\/\/www.isoleolie.it\/eolie\/cerca-un-hotel-a-salina-tutti-gli-hotel-dellisola-di-salina\/salina\/\">Salina<\/a> <a href=\"https:\/\/www.isoleolie.it\/eolie\/cerca-un-hotel-a-vulcano-tutti-gli-hotel-dellisola-di-vulcano\/\">Vulcano<\/a> <a href=\"https:\/\/www.isoleolie.it\/eolie\/cerca-un-hotel-a-panarea-tutti-gli-hotel-dellisola-di-panarea\/\">Panarea<\/a> <a href=\"https:\/\/www.isoleolie.it\/eolie\/hotel-a-stromboli\/stromboli\/\">Stromboli<\/a> <a href=\"https:\/\/www.isoleolie.it\/eolie\/category\/filicudi-alicudi\/\">Filicudi Alicudi<\/a><\/h1>\n<p><span class=\"Stile55\" style=\"font-size: 14pt;\">Abitata fin da tempi antichissimi, ancora oggi entro il perimetro delle mura dell&#8217;Acropoli, denominata Castello, circondata dalle ben conservate mura spagnole, vi sono ampie tracce di popolazioni del Neolitico, dell&#8217;Et\u00e0 del Bronzo, Greca e Romana, testimoniate da numerosi ritrovamenti archeologici. Consigliata la visita al Museo Archeologico, uno dei pi\u00f9 famosi al mondo, suddiviso in diverse sezioni; Lipari \u00e8 una fra le poche localit\u00e0 del Pianeta a vantare circa 6.000 anni di storia ininterrotta.<\/span><\/p>\n<p><span style=\"font-size: 14pt;\">Il\u00a0<strong>BIANCO<\/strong>\u00a0della pomice e il\u00a0<strong>NERO<\/strong>\u00a0dell&#8217;ossidiana sono i colori che ho scelto per Lipari: oltre il 20% dell&#8217;isola, infatti, lungo la costa nord orientale \u00e8 costituito da giacimenti di pietra pomice, situati tra le localit\u00e0 di Canneto e Acquacalda, dove la montagna immacolata si tuffa nel mare, facendo assumere alle acque sfumate tinte azzurrognole da fare invidia alle pi\u00f9 celebrate mete caraibiche.<\/span><\/p>\n<p><span style=\"font-size: 14pt;\">Il periplo di Lipari va compiuto con piccole imbarcazioni (le trovate a Marina Corta), possibilmente con mare calmo, per poter entrare anche nelle insenature pi\u00f9 strette e nelle grotte pi\u00f9 anguste, in un gioco di luci unico e indimenticabile.<\/span><\/p>\n<p><span style=\"font-size: 14pt;\">Ma \u00e8 nell&#8217;interno dell&#8217;isola che la visita si fa pi\u00f9 interessante, ad esempio l&#8217;escursione al Belvedere Quattrocchi, nei pressi di Pianoconte, una sorta di balcone naturale con vista mozzafiato sulle coste a picco di Valle Muria, dei faraglioni e sullo sfondo Vulcano, la Sicilia e l&#8217;Etna, in un sensazionale tripudio cromatico.\u00a0<\/span><\/p>\n<p><span style=\"font-size: 14pt;\">Anche a Lipari non mancano fenomeni endogeni sotto forma di fumarole, solfatare e sorgenti termali: le fumarole pi\u00f9 note sono quelle di Bagnosecco, mentre sorgenti termali si trovano nelle localit\u00e0 Bagnicello, Fontanelle, Pietre di Fuardo e Castellaro.<\/span><\/p>\n<p><span style=\"font-size: 14pt;\">Le Terme di San Calogero sono aperte solo grazie al contributo volontario di Mimmo Mammana, un liparota appassionato della cultura della sua isola, il quale, in dieci minuti di visita, vi racconter\u00e0 la storia dell&#8217;umanit\u00e0, attraverso quella delle terme.<\/span><\/p>\n<p><span class=\"Stile55\" style=\"font-size: 14pt;\">Forse si tratta di leggende, ma l&#8217;analisi chimica delle acque, effettuata anche di recente, ha classificato le stesse fra quelle ipertermali salso-solfato-bicarbonato-sodiche, sgorganti ad una temperatura di circa 60\u00b0, in grado di curare artriti, dermatiti, psoriasi, acne, erpete, crosta lattea, scabbia, sicosi, diatesi foruncolare.<\/span><\/p>\n<p><em>Testo narrativo tratto da pubblicazione di<\/em>\u00a0<strong>Ermanno Sommariva<\/strong><\/p>\n<\/div>\n","protected":false},"excerpt":{"rendered":"<p>LIPARI Il fuoco e il vento: miti, leggende e colori delle isole Eolie, Le isole del fuoco LIPARI, i miracoli delle Terme Pochi minuti di navigazione e raggiungiamo Lipari, l&#8217;antica Meligunis, la pi\u00f9 grande e popolosa dell&#8217;arcipelago (circa 38 km\u00b2), capoluogo comunale per 6 delle 7 isole Eolie (tranne Salina). EOLIE HOTEL BOOKING LE MIGLIORI [&hellip;]<\/p>\n","protected":false},"author":1,"featured_media":1470,"parent":0,"menu_order":0,"comment_status":"closed","ping_status":"closed","template":"","meta":{"footnotes":""},"class_list":["post-12","page","type-page","status-publish","has-post-thumbnail","hentry"],"yoast_head":"<!-- This site is optimized with the Yoast SEO plugin v27.5 - https:\/\/yoast.com\/product\/yoast-seo-wordpress\/ -->\r\n<title>Hotel Isole Eolie Lipari Salina Vulcano Panarea Stromboli alberghi case vacanze eolie - ISOLE EOLIE Turismo e Vacanze Hotel B&amp;B Residence Case Vacanza<\/title>\r\n<meta name=\"description\" content=\"Hotel Isole Eolie Lipari Salina Vulcano Panarea Stromboli Filcudi e Alicudi tutti gli alberghi Eolie case vacanza residence noleggio barche vela\" \/>\r\n<meta name=\"robots\" content=\"index, follow, max-snippet:-1, max-image-preview:large, max-video-preview:-1\" \/>\r\n<link rel=\"canonical\" href=\"https:\/\/www.isoleolie.it\/eolie\/\" \/>\r\n<meta property=\"og:locale\" content=\"it_IT\" \/>\r\n<meta property=\"og:type\" content=\"article\" \/>\r\n<meta property=\"og:title\" content=\"Hotel Isole Eolie Lipari Salina Vulcano Panarea Stromboli alberghi case vacanze eolie - ISOLE EOLIE Turismo e Vacanze Hotel B&amp;B Residence Case Vacanza\" \/>\r\n<meta property=\"og:description\" content=\"Hotel Isole Eolie Lipari Salina Vulcano Panarea Stromboli Filcudi e Alicudi tutti gli alberghi Eolie case vacanza residence noleggio barche vela\" \/>\r\n<meta property=\"og:url\" content=\"https:\/\/www.isoleolie.it\/eolie\/\" \/>\r\n<meta property=\"og:site_name\" content=\"ISOLE EOLIE Turismo e Vacanze Hotel B&amp;B Residence Case Vacanza\" \/>\r\n<meta property=\"article:modified_time\" content=\"2025-11-03T11:05:51+00:00\" \/>\r\n<meta property=\"og:image\" content=\"https:\/\/www.isoleolie.it\/eolie\/wp-content\/uploads\/2023\/04\/lipariisoleeolie.jpg\" \/>\r\n\t<meta property=\"og:image:width\" content=\"1200\" \/>\r\n\t<meta property=\"og:image:height\" content=\"796\" \/>\r\n\t<meta property=\"og:image:type\" content=\"image\/jpeg\" \/>\r\n<meta name=\"twitter:card\" content=\"summary_large_image\" \/>\r\n<meta name=\"twitter:label1\" content=\"Tempo di lettura stimato\" \/>\n\t<meta name=\"twitter:data1\" content=\"3 minuti\" \/>\r\n<script type=\"application\/ld+json\" class=\"yoast-schema-graph\">{\"@context\":\"https:\\\/\\\/schema.org\",\"@graph\":[{\"@type\":\"WebPage\",\"@id\":\"https:\\\/\\\/www.isoleolie.it\\\/eolie\\\/\",\"url\":\"https:\\\/\\\/www.isoleolie.it\\\/eolie\\\/\",\"name\":\"Hotel Isole Eolie Lipari Salina Vulcano Panarea Stromboli alberghi case vacanze eolie - ISOLE EOLIE Turismo e Vacanze Hotel B&amp;B Residence Case Vacanza\",\"isPartOf\":{\"@id\":\"https:\\\/\\\/www.isoleolie.it\\\/eolie\\\/#website\"},\"primaryImageOfPage\":{\"@id\":\"https:\\\/\\\/www.isoleolie.it\\\/eolie\\\/#primaryimage\"},\"image\":{\"@id\":\"https:\\\/\\\/www.isoleolie.it\\\/eolie\\\/#primaryimage\"},\"thumbnailUrl\":\"https:\\\/\\\/www.isoleolie.it\\\/eolie\\\/wp-content\\\/uploads\\\/2023\\\/04\\\/lipariisoleeolie.jpg\",\"datePublished\":\"2021-02-12T08:08:32+00:00\",\"dateModified\":\"2025-11-03T11:05:51+00:00\",\"description\":\"Hotel Isole Eolie Lipari Salina Vulcano Panarea Stromboli Filcudi e Alicudi tutti gli alberghi Eolie case vacanza residence noleggio barche vela\",\"breadcrumb\":{\"@id\":\"https:\\\/\\\/www.isoleolie.it\\\/eolie\\\/#breadcrumb\"},\"inLanguage\":\"it-IT\",\"potentialAction\":[{\"@type\":\"ReadAction\",\"target\":[\"https:\\\/\\\/www.isoleolie.it\\\/eolie\\\/\"]}]},{\"@type\":\"ImageObject\",\"inLanguage\":\"it-IT\",\"@id\":\"https:\\\/\\\/www.isoleolie.it\\\/eolie\\\/#primaryimage\",\"url\":\"https:\\\/\\\/www.isoleolie.it\\\/eolie\\\/wp-content\\\/uploads\\\/2023\\\/04\\\/lipariisoleeolie.jpg\",\"contentUrl\":\"https:\\\/\\\/www.isoleolie.it\\\/eolie\\\/wp-content\\\/uploads\\\/2023\\\/04\\\/lipariisoleeolie.jpg\",\"width\":1200,\"height\":796,\"caption\":\"Lipari Salina Vulcano Panarea Stromboli Filcudi e Alicudi\"},{\"@type\":\"BreadcrumbList\",\"@id\":\"https:\\\/\\\/www.isoleolie.it\\\/eolie\\\/#breadcrumb\",\"itemListElement\":[{\"@type\":\"ListItem\",\"position\":1,\"name\":\"Home\",\"item\":\"https:\\\/\\\/www.isoleolie.it\\\/eolie\\\/\"},{\"@type\":\"ListItem\",\"position\":2,\"name\":\"Hotel Isole Eolie Lipari Salina Vulcano Panarea Stromboli alberghi case vacanze eolie\"}]},{\"@type\":\"WebSite\",\"@id\":\"https:\\\/\\\/www.isoleolie.it\\\/eolie\\\/#website\",\"url\":\"https:\\\/\\\/www.isoleolie.it\\\/eolie\\\/\",\"name\":\"ISOLE EOLIE Turismo e Vacanze alle Isole Eolie Hotel B&B Residence Case Vacanza\",\"description\":\"The first and official tourism site for the Aeolian Islands\",\"publisher\":{\"@id\":\"https:\\\/\\\/www.isoleolie.it\\\/eolie\\\/#organization\"},\"potentialAction\":[{\"@type\":\"SearchAction\",\"target\":{\"@type\":\"EntryPoint\",\"urlTemplate\":\"https:\\\/\\\/www.isoleolie.it\\\/eolie\\\/?s={search_term_string}\"},\"query-input\":{\"@type\":\"PropertyValueSpecification\",\"valueRequired\":true,\"valueName\":\"search_term_string\"}}],\"inLanguage\":\"it-IT\"},{\"@type\":\"Organization\",\"@id\":\"https:\\\/\\\/www.isoleolie.it\\\/eolie\\\/#organization\",\"name\":\"ISOLE EOLIE\",\"url\":\"https:\\\/\\\/www.isoleolie.it\\\/eolie\\\/\",\"logo\":{\"@type\":\"ImageObject\",\"inLanguage\":\"it-IT\",\"@id\":\"https:\\\/\\\/www.isoleolie.it\\\/eolie\\\/#\\\/schema\\\/logo\\\/image\\\/\",\"url\":\"https:\\\/\\\/www.isoleolie.it\\\/eolie\\\/wp-content\\\/uploads\\\/2024\\\/11\\\/oMv8p0-4_400x400.jpg\",\"contentUrl\":\"https:\\\/\\\/www.isoleolie.it\\\/eolie\\\/wp-content\\\/uploads\\\/2024\\\/11\\\/oMv8p0-4_400x400.jpg\",\"width\":400,\"height\":400,\"caption\":\"ISOLE EOLIE\"},\"image\":{\"@id\":\"https:\\\/\\\/www.isoleolie.it\\\/eolie\\\/#\\\/schema\\\/logo\\\/image\\\/\"}}]}<\/script>\r\n<!-- \/ Yoast SEO plugin. -->","yoast_head_json":{"title":"Hotel Isole Eolie Lipari Salina Vulcano Panarea Stromboli alberghi case vacanze eolie - ISOLE EOLIE Turismo e Vacanze Hotel B&amp;B Residence Case Vacanza","description":"Hotel Isole Eolie Lipari Salina Vulcano Panarea Stromboli Filcudi e Alicudi tutti gli alberghi Eolie case vacanza residence noleggio barche vela","robots":{"index":"index","follow":"follow","max-snippet":"max-snippet:-1","max-image-preview":"max-image-preview:large","max-video-preview":"max-video-preview:-1"},"canonical":"https:\/\/www.isoleolie.it\/eolie\/","og_locale":"it_IT","og_type":"article","og_title":"Hotel Isole Eolie Lipari Salina Vulcano Panarea Stromboli alberghi case vacanze eolie - ISOLE EOLIE Turismo e Vacanze Hotel B&amp;B Residence Case Vacanza","og_description":"Hotel Isole Eolie Lipari Salina Vulcano Panarea Stromboli Filcudi e Alicudi tutti gli alberghi Eolie case vacanza residence noleggio barche vela","og_url":"https:\/\/www.isoleolie.it\/eolie\/","og_site_name":"ISOLE EOLIE Turismo e Vacanze Hotel B&amp;B Residence Case Vacanza","article_modified_time":"2025-11-03T11:05:51+00:00","og_image":[{"width":1200,"height":796,"url":"https:\/\/www.isoleolie.it\/eolie\/wp-content\/uploads\/2023\/04\/lipariisoleeolie.jpg","type":"image\/jpeg"}],"twitter_card":"summary_large_image","twitter_misc":{"Tempo di lettura stimato":"3 minuti"},"schema":{"@context":"https:\/\/schema.org","@graph":[{"@type":"WebPage","@id":"https:\/\/www.isoleolie.it\/eolie\/","url":"https:\/\/www.isoleolie.it\/eolie\/","name":"Hotel Isole Eolie Lipari Salina Vulcano Panarea Stromboli alberghi case vacanze eolie - ISOLE EOLIE Turismo e Vacanze Hotel B&amp;B Residence Case Vacanza","isPartOf":{"@id":"https:\/\/www.isoleolie.it\/eolie\/#website"},"primaryImageOfPage":{"@id":"https:\/\/www.isoleolie.it\/eolie\/#primaryimage"},"image":{"@id":"https:\/\/www.isoleolie.it\/eolie\/#primaryimage"},"thumbnailUrl":"https:\/\/www.isoleolie.it\/eolie\/wp-content\/uploads\/2023\/04\/lipariisoleeolie.jpg","datePublished":"2021-02-12T08:08:32+00:00","dateModified":"2025-11-03T11:05:51+00:00","description":"Hotel Isole Eolie Lipari Salina Vulcano Panarea Stromboli Filcudi e Alicudi tutti gli alberghi Eolie case vacanza residence noleggio barche vela","breadcrumb":{"@id":"https:\/\/www.isoleolie.it\/eolie\/#breadcrumb"},"inLanguage":"it-IT","potentialAction":[{"@type":"ReadAction","target":["https:\/\/www.isoleolie.it\/eolie\/"]}]},{"@type":"ImageObject","inLanguage":"it-IT","@id":"https:\/\/www.isoleolie.it\/eolie\/#primaryimage","url":"https:\/\/www.isoleolie.it\/eolie\/wp-content\/uploads\/2023\/04\/lipariisoleeolie.jpg","contentUrl":"https:\/\/www.isoleolie.it\/eolie\/wp-content\/uploads\/2023\/04\/lipariisoleeolie.jpg","width":1200,"height":796,"caption":"Lipari Salina Vulcano Panarea Stromboli Filcudi e Alicudi"},{"@type":"BreadcrumbList","@id":"https:\/\/www.isoleolie.it\/eolie\/#breadcrumb","itemListElement":[{"@type":"ListItem","position":1,"name":"Home","item":"https:\/\/www.isoleolie.it\/eolie\/"},{"@type":"ListItem","position":2,"name":"Hotel Isole Eolie Lipari Salina Vulcano Panarea Stromboli alberghi case vacanze eolie"}]},{"@type":"WebSite","@id":"https:\/\/www.isoleolie.it\/eolie\/#website","url":"https:\/\/www.isoleolie.it\/eolie\/","name":"ISOLE EOLIE Turismo e Vacanze alle Isole Eolie Hotel B&B Residence Case Vacanza","description":"The first and official tourism site for the Aeolian Islands","publisher":{"@id":"https:\/\/www.isoleolie.it\/eolie\/#organization"},"potentialAction":[{"@type":"SearchAction","target":{"@type":"EntryPoint","urlTemplate":"https:\/\/www.isoleolie.it\/eolie\/?s={search_term_string}"},"query-input":{"@type":"PropertyValueSpecification","valueRequired":true,"valueName":"search_term_string"}}],"inLanguage":"it-IT"},{"@type":"Organization","@id":"https:\/\/www.isoleolie.it\/eolie\/#organization","name":"ISOLE EOLIE","url":"https:\/\/www.isoleolie.it\/eolie\/","logo":{"@type":"ImageObject","inLanguage":"it-IT","@id":"https:\/\/www.isoleolie.it\/eolie\/#\/schema\/logo\/image\/","url":"https:\/\/www.isoleolie.it\/eolie\/wp-content\/uploads\/2024\/11\/oMv8p0-4_400x400.jpg","contentUrl":"https:\/\/www.isoleolie.it\/eolie\/wp-content\/uploads\/2024\/11\/oMv8p0-4_400x400.jpg","width":400,"height":400,"caption":"ISOLE EOLIE"},"image":{"@id":"https:\/\/www.isoleolie.it\/eolie\/#\/schema\/logo\/image\/"}}]}},"_links":{"self":[{"href":"https:\/\/www.isoleolie.it\/eolie\/wp-json\/wp\/v2\/pages\/12","targetHints":{"allow":["GET"]}}],"collection":[{"href":"https:\/\/www.isoleolie.it\/eolie\/wp-json\/wp\/v2\/pages"}],"about":[{"href":"https:\/\/www.isoleolie.it\/eolie\/wp-json\/wp\/v2\/types\/page"}],"author":[{"embeddable":true,"href":"https:\/\/www.isoleolie.it\/eolie\/wp-json\/wp\/v2\/users\/1"}],"replies":[{"embeddable":true,"href":"https:\/\/www.isoleolie.it\/eolie\/wp-json\/wp\/v2\/comments?post=12"}],"version-history":[{"count":14,"href":"https:\/\/www.isoleolie.it\/eolie\/wp-json\/wp\/v2\/pages\/12\/revisions"}],"predecessor-version":[{"id":2655,"href":"https:\/\/www.isoleolie.it\/eolie\/wp-json\/wp\/v2\/pages\/12\/revisions\/2655"}],"wp:featuredmedia":[{"embeddable":true,"href":"https:\/\/www.isoleolie.it\/eolie\/wp-json\/wp\/v2\/media\/1470"}],"wp:attachment":[{"href":"https:\/\/www.isoleolie.it\/eolie\/wp-json\/wp\/v2\/media?parent=12"}],"curies":[{"name":"wp","href":"https:\/\/api.w.org\/{rel}","templated":true}]}}